{"id":1018,"date":"2023-03-09T13:55:15","date_gmt":"2023-03-09T13:55:15","guid":{"rendered":"https:\/\/patricks-fahrschule.de\/?page_id=1018"},"modified":"2023-03-09T13:56:09","modified_gmt":"2023-03-09T13:56:09","slug":"impressum","status":"publish","type":"page","link":"https:\/\/patricks-fahrschule.de\/tr\/damga\/","title":{"rendered":"damga"},"content":{"rendered":"<h2 class=\"wp-block-heading\">\u00a7 5 TMG&#039;ye g\u00f6re:<\/h2>\n\n\n\n<p>Patrick&#039;in s\u00fcr\u00fcc\u00fc kursu<br>Sahibi: Patrick Janiak<br>Kaiserstrasse 65\/1<br>76437 Rastatt<\/p>\n\n\n\n<h3 class=\"wp-block-heading\">Temas etmek:<\/h3>\n\n\n\n<figure class=\"wp-block-table\"><table><tbody><tr><td>Telefon:<\/td><td>0170 8228780<\/td><\/tr><tr><td>E-posta:<\/td><td>info@patricks-fahrschule.de<\/td><\/tr><\/tbody><\/table><\/figure>\n\n\n\n<h3 class=\"wp-block-heading\">Sat\u0131\u015f Vergisi Kanunu B\u00f6l\u00fcm 27 a uyar\u0131nca sat\u0131\u015f vergisi kimlik numaras\u0131:<\/h3>\n\n\n\n<p>DE 305620459<\/p>\n\n\n\n<h2 class=\"wp-block-heading\">Tart\u0131\u015fmal\u0131 karar<\/h2>\n\n\n\n<p>Avrupa Komisyonu bir platform sa\u011fl\u0131yor<br>\u00c7evrimi\u00e7i anla\u015fmazl\u0131k \u00e7\u00f6z\u00fcm\u00fcne haz\u0131r (OS):&nbsp;<a href=\"https:\/\/ec.europa.eu\/consumers\/odr\" target=\"_blank\" rel=\"noreferrer noopener\">https:\/\/ec.europa.eu\/consumers\/odr<\/a><br>E-posta adresimizi sayfan\u0131n \u00fcst k\u0131sm\u0131nda bulabilirsiniz<br>Bask\u0131.<\/p>\n\n\n\n<p>Anla\u015fmazl\u0131k \u00e7\u00f6z\u00fcm\u00fc i\u015flemlerine kat\u0131lmaya istekli veya y\u00fck\u00fcml\u00fc de\u011filiz.<br>T\u00fcketici hakem heyetine kat\u0131lmak.<\/p>\n\n\n\n<h3 class=\"wp-block-heading\">Banka detaylar\u0131:<\/h3>\n\n\n\n<p>Volksbank Karlsruhe Baden-Baden<br>DE23 6619 0000 0063 6507 06<br>GENODE61KA1<\/p>\n\n\n\n<h3 class=\"wp-block-heading\">Denetim otoritesi:<\/h3>\n\n\n\n<p>\u0130sim: Rastatt B\u00f6lge Ofisi<br>Sokak: Untere Wiesen 6<br>Konum: 76437 Rastatt<br>Tel: 07222-3813200<\/p>\n\n\n\n<h3 class=\"wp-block-heading\">B\u00f6l\u00fcm 55 Paragraf 2 RStV&#039;ye g\u00f6re i\u00e7erikten sorumlu:<\/h3>\n\n\n\n<p>Patrick Janiak (sahibi)<br>Bismarckstrasse 1<br>76437 Rastatt<\/p>\n\n\n\n<p>Kaynak:&nbsp;<em><a href=\"https:\/\/www.e-recht24.de\/impressum-generator.html\" target=\"_blank\" rel=\"noreferrer noopener\">https:\/\/www.e-recht24.de<\/a><\/em><\/p>\n\n\n\n<h3 class=\"wp-block-heading\">Web sitesi taraf\u0131ndan olu\u015fturulmu\u015ftur:<\/h3>\n\n\n\n<p><a href=\"http:\/\/www.lk-media.net\/\" target=\"_blank\" rel=\"noreferrer noopener\">lk medya<\/a><\/p>\n\n\n\n<h3 class=\"wp-block-heading\">Foto\u011fraf kaynaklar\u0131:<\/h3>\n\n\n\n<h4 class=\"wp-block-heading\">pexels.com<\/h4>\n\n\n\n<p>https:\/\/static.pexels.com\/photos\/13861\/IMG_3496bfree.jpg (<a href=\"http:\/\/jeshoots.com\/driver\/\" target=\"_blank\" rel=\"noreferrer noopener\">jeshoots.com<\/a>) \u2013 CC0 lisans\u0131 alt\u0131nda kullan\u0131l\u0131r<br>https:\/\/static.pexels.com\/photos\/8775\/traffic-car-vehicle-black.jpg (<a href=\"https:\/\/stock.tookapic.com\/photos\/3931\" target=\"_blank\" rel=\"noreferrer noopener\">stok.tokapic.com<\/a>) \u2013 CC0 lisans\u0131 alt\u0131nda kullan\u0131l\u0131r<\/p>\n\n\n\n<h3 class=\"wp-block-heading\">Sorumluluk reddi beyan\u0131<\/h3>\n\n\n\n<p><strong>Sorumlulu\u011fun S\u0131n\u0131rland\u0131r\u0131lmas\u0131<\/strong><\/p>\n\n\n\n<p>Web sitemizin i\u00e7eri\u011fi bilgimiz dahilinde ve b\u00fcy\u00fck bir titizlikle olu\u015fturulmu\u015ftur. Ancak bunlar\u0131n g\u00fcncel, do\u011fru veya eksiksiz oldu\u011funu garanti etmiyoruz.<br>Burada sa\u011flanan i\u00e7erik ve bilgilerden biz sorumluyuz; Ancak TMG&#039;nin 8 ila 10. Maddeleri uyar\u0131nca iletilen veya saklanan \u00fc\u00e7\u00fcnc\u00fc taraf bilgilerini izlemek zorunda de\u011filiz.<br>Bu t\u00fcr i\u00e7eri\u011fin kald\u0131r\u0131lmas\u0131 veya engellenmesi gerekirse, bu, ilgili bir yasal ihlal bize bildirildi\u011fi anda ger\u00e7ekle\u015ftirilecektir.<\/p>\n\n\n\n<p><strong>D\u0131\u015f ba\u011flant\u0131lar<\/strong><\/p>\n\n\n\n<p>Harici ba\u011flant\u0131lar\u0131m\u0131z\u0131n (harici web sitelerine ba\u011flant\u0131lar) i\u00e7eri\u011fine ili\u015fkin hi\u00e7bir sorumluluk kabul etmiyoruz. Ba\u011flant\u0131 verilen web sitesinin ilgili operat\u00f6r\u00fc bundan sorumludur.<br>Bu t\u00fcr ba\u011flant\u0131lar\u0131n kald\u0131r\u0131lmas\u0131 gerekiyorsa, ilgili yasal ihlalin fark\u0131na var\u0131r varmaz bu i\u015flem yap\u0131lacakt\u0131r.<\/p>\n\n\n\n<p><strong>Telif hakk\u0131\/yard\u0131mc\u0131 telif hakk\u0131<\/strong><\/p>\n\n\n\n<p>Bu web sitesinde yay\u0131nlanan metinler, resimler, grafikler ve bilgiler Alman telif haklar\u0131na ve yard\u0131mc\u0131 telif haklar\u0131na tabidir.<br>Telif hakk\u0131 yasas\u0131 d\u0131\u015f\u0131nda \u00e7o\u011falt\u0131lmas\u0131, i\u015flenmesi, da\u011f\u0131t\u0131lmas\u0131, saklanmas\u0131 ve kullan\u0131lmas\u0131, y\u00f6netimimizin yaz\u0131l\u0131 iznini gerektirir.<\/p>\n\n\n\n<p><strong>veri korumas\u0131<\/strong><\/p>\n\n\n\n<p>Web sitemizi ziyaret etti\u011finizde veriler (tarih, saat, eri\u015filen web sitesi) sunucuda saklanabilir. Ancak hi\u00e7bir ki\u015fisel veri toplanmaz.<br>Kullan\u0131c\u0131 taraf\u0131ndan bize sa\u011flanan ki\u015fisel verileri (\u00f6rne\u011fin isim, ya\u015f, adres veya e-posta adresi) hi\u00e7bir zaman \u00fc\u00e7\u00fcnc\u00fc taraflara veya yaln\u0131zca onlar\u0131n a\u00e7\u0131k r\u0131zas\u0131yla aktarmay\u0131z.<br>G\u00fcvenlik a\u00e7\u0131klar\u0131ndan kaynaklanan hasarlardan dolay\u0131 sorumluluk kabul etmiyoruz.<\/p>\n\n\n\n<p><em>\u0130stenmeyen reklam bilgilerinin (spam e-postalar gibi) g\u00f6nderilmesi durumunda yasal i\u015flem ba\u015flatma hakk\u0131m\u0131z\u0131 sakl\u0131 tutuyoruz.<\/em><\/p>","protected":false},"excerpt":{"rendered":"<p>TMG \u00a7 5 uyar\u0131nca bilgiler: Patricks FahrschuleInh.: Patrick JaniakKaiserstra\u00dfe 65\/176437 Rastatt \u0130rtibat: Telefon: 0170 8228780 E-posta: info@patricks-fahrschule.de Sat\u0131\u015f Vergisi Kanunu \u00a727 a uyar\u0131nca KDV kimlik numaras\u0131: DE 305620459 Anla\u015fmazl\u0131k \u00e7\u00f6z\u00fcm\u00fc Avrupa Komisyonu, \u00e7evrimi\u00e7i anla\u015fmazl\u0131k \u00e7\u00f6z\u00fcm\u00fc (OS) i\u00e7in bir Platform sunmaktad\u0131r: https:\/\/ec.europa.eu\/consumers\/odrE-posta adresimizi yukar\u0131daki yasal bildirimde bulabilirsiniz. T\u00fcketici hakem heyeti \u00f6n\u00fcnde uyu\u015fmazl\u0131k \u00e7\u00f6z\u00fcm s\u00fcre\u00e7lerinde yer almaya istekli veya y\u00fck\u00fcml\u00fc de\u011filiz. Banka ayr\u0131nt\u0131lar\u0131: Volksbank Karlsruhe Baden-BadenDE23 6619 [\u2026]<\/p>","protected":false},"author":1,"featured_media":0,"parent":0,"menu_order":0,"comment_status":"closed","ping_status":"closed","template":"","meta":{"site-sidebar-layout":"default","site-content-layout":"","ast-site-content-layout":"","site-content-style":"default","site-sidebar-style":"default","ast-global-header-display":"","ast-banner-title-visibility":"","ast-main-header-display":"","ast-hfb-above-header-display":"","ast-hfb-below-header-display":"","ast-hfb-mobile-header-display":"","site-post-title":"","ast-breadcrumbs-content":"","ast-featured-img":"","footer-sml-layout":"","theme-transparent-header-meta":"","adv-header-id-meta":"","stick-header-meta":"","header-above-stick-meta":"","header-main-stick-meta":"","header-below-stick-meta":"","astra-migrate-meta-layouts":"default","ast-page-background-enabled":"default","ast-page-background-meta":{"desktop":{"background-color":"var(--ast-global-color-4)","background-image":"","background-repeat":"repeat","background-position":"center center","background-size":"auto","background-attachment":"scroll","background-type":"","background-media":"","overlay-type":"","overlay-color":"","overlay-opacity":"","overlay-gradient":""},"tablet":{"background-color":"","background-image":"","background-repeat":"repeat","background-position":"center center","background-size":"auto","background-attachment":"scroll","background-type":"","background-media":"","overlay-type":"","overlay-color":"","overlay-opacity":"","overlay-gradient":""},"mobile":{"background-color":"","background-image":"","background-repeat":"repeat","background-position":"center center","background-size":"auto","background-attachment":"scroll","background-type":"","background-media":"","overlay-type":"","overlay-color":"","overlay-opacity":"","overlay-gradient":""}},"ast-content-background-meta":{"desktop":{"background-color":"var(--ast-global-color-5)","background-image":"","background-repeat":"repeat","background-position":"center center","background-size":"auto","background-attachment":"scroll","background-type":"","background-media":"","overlay-type":"","overlay-color":"","overlay-opacity":"","overlay-gradient":""},"tablet":{"background-color":"var(--ast-global-color-5)","background-image":"","background-repeat":"repeat","background-position":"center center","background-size":"auto","background-attachment":"scroll","background-type":"","background-media":"","overlay-type":"","overlay-color":"","overlay-opacity":"","overlay-gradient":""},"mobile":{"background-color":"var(--ast-global-color-5)","background-image":"","background-repeat":"repeat","background-position":"center center","background-size":"auto","background-attachment":"scroll","background-type":"","background-media":"","overlay-type":"","overlay-color":"","overlay-opacity":"","overlay-gradient":""}},"footnotes":""},"class_list":["post-1018","page","type-page","status-publish","hentry"],"_links":{"self":[{"href":"https:\/\/patricks-fahrschule.de\/tr\/wp-json\/wp\/v2\/pages\/1018","targetHints":{"allow":["GET"]}}],"collection":[{"href":"https:\/\/patricks-fahrschule.de\/tr\/wp-json\/wp\/v2\/pages"}],"about":[{"href":"https:\/\/patricks-fahrschule.de\/tr\/wp-json\/wp\/v2\/types\/page"}],"author":[{"embeddable":true,"href":"https:\/\/patricks-fahrschule.de\/tr\/wp-json\/wp\/v2\/users\/1"}],"replies":[{"embeddable":true,"href":"https:\/\/patricks-fahrschule.de\/tr\/wp-json\/wp\/v2\/comments?post=1018"}],"version-history":[{"count":0,"href":"https:\/\/patricks-fahrschule.de\/tr\/wp-json\/wp\/v2\/pages\/1018\/revisions"}],"wp:attachment":[{"href":"https:\/\/patricks-fahrschule.de\/tr\/wp-json\/wp\/v2\/media?parent=1018"}],"curies":[{"name":"wp","href":"https:\/\/api.w.org\/{rel}","templated":true}]}}

<h2 class="wp-block-heading">§ 5 TMG&#039;ye göre:</h2>



<p>Patrick&#039;in sürücü kursu<br>Sahibi: Patrick Janiak<br>Kaiserstrasse 65/1<br>76437 Rastatt</p>



<h3 class="wp-block-heading">Temas etmek:</h3>



<figure class="wp-block-table"><table><tbody><tr><td>Telefon:</td><td>0170 8228780</td></tr><tr><td>E-posta:</td><td>info@patricks-fahrschule.de</td></tr></tbody></table></figure>



<h3 class="wp-block-heading">Satış Vergisi Kanunu Bölüm 27 a uyarınca satış vergisi kimlik numarası:</h3>



<p>DE 305620459</p>



<h2 class="wp-block-heading">Tartışmalı karar</h2>



<p>Avrupa Komisyonu bir platform sağlıyor<br>Çevrimiçi anlaşmazlık çözümüne hazır (OS):&nbsp;<a href="https://ec.europa.eu/consumers/odr" target="_blank" rel="noreferrer noopener">https://ec.europa.eu/consumers/odr</a><br>E-posta adresimizi sayfanın üst kısmında bulabilirsiniz<br>Baskı.</p>



<p>Anlaşmazlık çözümü işlemlerine katılmaya istekli veya yükümlü değiliz.<br>Tüketici hakem heyetine katılmak.</p>



<h3 class="wp-block-heading">Banka detayları:</h3>



<p>Volksbank Karlsruhe Baden-Baden<br>DE23 6619 0000 0063 6507 06<br>GENODE61KA1</p>



<h3 class="wp-block-heading">Denetim otoritesi:</h3>



<p>İsim: Rastatt Bölge Ofisi<br>Sokak: Untere Wiesen 6<br>Konum: 76437 Rastatt<br>Tel: 07222-3813200</p>



<h3 class="wp-block-heading">Bölüm 55 Paragraf 2 RStV&#039;ye göre içerikten sorumlu:</h3>



<p>Patrick Janiak (sahibi)<br>Bismarckstrasse 1<br>76437 Rastatt</p>



<p>Kaynak:&nbsp;<em><a href="https://www.e-recht24.de/impressum-generator.html" target="_blank" rel="noreferrer noopener">https://www.e-recht24.de</a></em></p>



<h3 class="wp-block-heading">Web sitesi tarafından oluşturulmuştur:</h3>



<p><a href="http://www.lk-media.net/" target="_blank" rel="noreferrer noopener">lk medya</a></p>



<h3 class="wp-block-heading">Fotoğraf kaynakları:</h3>



<h4 class="wp-block-heading">pexels.com</h4>



<p>https://static.pexels.com/photos/13861/IMG_3496bfree.jpg (<a href="http://jeshoots.com/driver/" target="_blank" rel="noreferrer noopener">jeshoots.com</a>) – CC0 lisansı altında kullanılır<br>https://static.pexels.com/photos/8775/traffic-car-vehicle-black.jpg (<a href="https://stock.tookapic.com/photos/3931" target="_blank" rel="noreferrer noopener">stok.tokapic.com</a>) – CC0 lisansı altında kullanılır</p>



<h3 class="wp-block-heading">Sorumluluk reddi beyanı</h3>



<p><strong>Sorumluluğun Sınırlandırılması</strong></p>



<p>Web sitemizin içeriği bilgimiz dahilinde ve büyük bir titizlikle oluşturulmuştur. Ancak bunların güncel, doğru veya eksiksiz olduğunu garanti etmiyoruz.<br>Burada sağlanan içerik ve bilgilerden biz sorumluyuz; Ancak TMG&#039;nin 8 ila 10. Maddeleri uyarınca iletilen veya saklanan üçüncü taraf bilgilerini izlemek zorunda değiliz.<br>Bu tür içeriğin kaldırılması veya engellenmesi gerekirse, bu, ilgili bir yasal ihlal bize bildirildiği anda gerçekleştirilecektir.</p>



<p><strong>Dış bağlantılar</strong></p>



<p>Harici bağlantılarımızın (harici web sitelerine bağlantılar) içeriğine ilişkin hiçbir sorumluluk kabul etmiyoruz. Bağlantı verilen web sitesinin ilgili operatörü bundan sorumludur.<br>Bu tür bağlantıların kaldırılması gerekiyorsa, ilgili yasal ihlalin farkına varır varmaz bu işlem yapılacaktır.</p>



<p><strong>Telif hakkı/yardımcı telif hakkı</strong></p>



<p>Bu web sitesinde yayınlanan metinler, resimler, grafikler ve bilgiler Alman telif haklarına ve yardımcı telif haklarına tabidir.<br>Telif hakkı yasası dışında çoğaltılması, işlenmesi, dağıtılması, saklanması ve kullanılması, yönetimimizin yazılı iznini gerektirir.</p>



<p><strong>veri koruması</strong></p>



<p>Web sitemizi ziyaret ettiğinizde veriler (tarih, saat, erişilen web sitesi) sunucuda saklanabilir. Ancak hiçbir kişisel veri toplanmaz.<br>Kullanıcı tarafından bize sağlanan kişisel verileri (örneğin isim, yaş, adres veya e-posta adresi) hiçbir zaman üçüncü taraflara veya yalnızca onların açık rızasıyla aktarmayız.<br>Güvenlik açıklarından kaynaklanan hasarlardan dolayı sorumluluk kabul etmiyoruz.</p>



<p><em>İstenmeyen reklam bilgilerinin (spam e-postalar gibi) gönderilmesi durumunda yasal işlem başlatma hakkımızı saklı tutuyoruz.</em></p>

<p>TMG § 5 uyarınca bilgiler: Patricks FahrschuleInh.: Patrick JaniakKaiserstraße 65/176437 Rastatt İrtibat: Telefon: 0170 8228780 E-posta: info@patricks-fahrschule.de Satış Vergisi Kanunu §27 a uyarınca KDV kimlik numarası: DE 305620459 Anlaşmazlık çözümü Avrupa Komisyonu, çevrimiçi anlaşmazlık çözümü (OS) için bir Platform sunmaktadır: https://ec.europa.eu/consumers/odrE-posta adresimizi yukarıdaki yasal bildirimde bulabilirsiniz. Tüketici hakem heyeti önünde uyuşmazlık çözüm süreçlerinde yer almaya istekli veya yükümlü değiliz. Banka ayrıntıları: Volksbank Karlsruhe Baden-BadenDE23 6619 […]</p>
